ts digit of 201829?
9
What is the thousands digit of 10971?
0
What is the tens digit of 54226?
2
What is the tens digit of 396?
9
What is the units digit of 289?
9
What is the units digit of 29368?
8
What is the units digit of 3686?
6
What is the tens digit of 874?
7
What is the thousands digit of 93815?
3
What is the units digit of 3851?
1
What is the ten thousands digit of 24753?
2
What is the thousands digit of 5538?
5
What is the units digit of 15014?
4
What is the units digit of 31079?
9
What is the ten thousands digit of 12803?
1
What is the thousands digit of 2225?
2
What is the units digit of 49425?
5
What is the units digit of 2216?
6
What is the units digit of 798?
8
What is the ten thousands digit of 12334?
1
What is the tens digit of 5501?
0
What is the units digit of 3764?
4
What is the units digit of 32333?
3
What is the units digit of 24696?
6
What is the hundreds digit of 10068?
0
What is the thousands digit of 4372?
4
What is the units digit of 9160?
0
What is the thousands digit of 1222?
1
What is the tens digit of 280?
8
What is the hundreds digit of 5945?
9
What is the thousands digit of 4951?
4
What is the hundreds digit of 1309?
3
What is the units digit of 35?
5
What is the hundreds digit of 297?
2
What is the tens digit of 6679?
7
What is the hundreds digit of 1625?
6
What is the units digit of 8557?
7
What is the hundred thousands digit of 192666?
1
What is the ten thousands digit of 73249?
7
What is the units digit of 1557?
7
What is the hundreds digit of 941?
9
What is the ten thousands digit of 182938?
8
What is the hundreds digit of 4180?
1
What is the units digit of 16169?
9
What is the hundreds digit of 479?
4
What is the ten thousands digit of 50432?
5
What is the hundreds digit of 480?
4
What is the thousands digit of 15592?
5
What is the units digit of 268?
8
What is the tens digit of 14871?
7
What is the thousands digit of 95593?
5
What is the tens digit of 2853?
5
What is the thousands digit of 23262?
3
What is the thousands digit of 32940?
2
What is the units digit of 655?
5
What is the tens digit of 33?
3
What is the thousands digit of 4689?
4
What is the tens digit of 1301?
0
What is the tens digit of 1171?
7
What is the hundreds digit of 5729?
7
What is the thousands digit of 4824?
4
What is the hundreds digit of 929?
9
What is the thousands digit of 1502?
1
What is the units digit of 119?
9
What is the tens digit of 1672?
7
What is the thousands digit of 5969?
5
What is the ten thousands digit of 74571?
7
What is the tens digit of 67632?
3
What is the hundreds digit of 31042?
0
What is the tens digit of 9353?
5
What is the thousands digit of 8137?
8
What is the units digit of 3064?
4
What is the ten thousands digit of 76494?
7
What is the thousands digit of 4504?
4
What is the units digit of 267?
7
What is the hundreds digit of 608?
6
What is the hundred thousands digit of 141867?
1
What is the hundreds digit of 823?
8
What is the tens digit of 719?
1
What is the thousands digit of 103218?
3
What is the tens digit of 1696?
9
What is the hundreds digit of 5301?
3
What is the thousands digit of 4004?
4
What is the ten thousands digit of 56508?
5
What is the tens digit of 115?
1
What is the thousands digit of 20335?
0
What is the hundreds digit of 5268?
2
What is the ten thousands digit of 177811?
7
What is the hundreds digit of 667?
6
What is the hundreds digit of 4304?
3
What is the units digit of 15480?
0
What is the ten thousands digit of 39826?
3
What is the tens digit of 644?
4
What is the units digit of 4226?
6
What is the thousands digit of 27826?
7
What is the tens digit of 50904?
0
What is the ten thousands digit of 187811?
8
What is the thousands digit of 6843?
6
What is the units digit of 1202?
2
What is the units digit of 107?
7
What is the units digit of 24281?
1
What is the thousands digit of 7929?
7
What is the ten thousands digit of 28426?
2
What is the thousands digit of 4330?
4
What is the ten thousands digit of 14086?
1
What is the hundreds digit of 5583?
5
What is the tens digit of 1183?
8
What is the units digit of 37696?
6
What is the tens digit of 20636?
3
What is the hundreds digit of 9267?
2
What is the hundreds digit of 20257?
2
What is the tens digit of 1100?
0
What is the hundreds digit of 1389?
3
What is the ten thousands digit of 31987?
3
What is the hundreds digit of 39362?
3
What is the units digit of 1400?
0
What is the units digit of 737?
7
What is the units digit of 2288?
8
What is the hundreds digit of 131?
1
What is the tens digit of 914?
1
What is the ten thousands digit of 13956?
1
What is the tens digit of 57185?
8
What is the tens digit of 499?
9
What is the tens digit of 1649?
4
What is the units digit of 64978?
8
What is the thousands digit of 12064?
2
What is the units digit of 3992?
2
What is the units digit of 1366?
6
What is the thousands digit of 43837?
3
What is the tens digit of 150?
5
What is the units digit of 5689?
9
What is the thousands digit of 3305?
3
What is the units digit of 12826?
6
What is the hundreds digit of 296?
2
What is the units digit of 18341?
1
What is the ten thousands digit of 94782?
9
What is the hundreds digit of 82737?
7
What is the units digit of 334?
4
What is the thousands digit of 83361?
3
What is the tens digit of 877?
7
What is the tens digit of 21418?
1
What is the units digit of 667?
7
What is the units digit of 70700?
0
What is the units digit of 1492?
2
What is the units digit of 656?
6
What is the ten thousands digit of 54552?
5
What is the tens digit of 2437?
3
What is the hundreds digit of 32131?
1
What is the tens digit of 598?
9
What is the hundreds digit of 34633?
6
What is the tens digit of 3728?
2
What is the hundreds digit of 1373?
3
What is the tens digit of 865?
6
What is the units digit of 3775?
5
What is the units digit of 5082?
2
What is the units digit of 311?
1
What is the hundreds digit of 1685?
6
What is the thousands digit of 61332?
1
What is the hundreds digit of 39694?
6
What is the hundreds digit of 8446?
4
What is the hundreds digit of 6250?
2
What is the tens digit of 33124?
2
What is the units digit of 31021?
1
What is the tens digit of 11150?
5
What is the units digit of 1408?
8
What is the hundreds digit of 14938?
9
What is the units digit of 139920?
0
What is the tens digit of 35488?
8
What is the thousands digit of 2068?
2
What is the thousands digit of 160601?
0
What is the thousands digit of 5073?
5
What is the thousands digit of 5465?
5
What is the units digit of 8987?
7
What is the hundreds digit of 7174?
1
What is the tens digit of 19908?
0
What is the units digit of 12056?
6
What is the units digit of 7684?
4
What is the units digit of 18995?
5
What is the thousands digit of 2477?
2
What is the tens digit of 129025?
2
What is the units digit of 16376?
6
What is the units digit of 982?
2
What is the hundreds digit of 121635?
6
What is the hundreds digit of 3806?
8
What is the thousands digit of 3631?
3
What is the tens digit of 845?
4
What is the hundreds digit of 55955?
9
What is the units digit of 4727?
7
What is the tens digit of 22984?
8
What is the tens digit of 6276?
7
What is the hundreds digit of 15453?
4
What is the units digit of 5968?
8
What is the hundreds digit of 123?
1
What is the tens digit of 406?
0
What is the hundreds digit of 48997?
9
What is the tens digit of 12375?
7
What is the tens digit of 1980?
8
What is the thousands digit of 55962?
5
What is the tens digit of 6384?
8
What is the ten thousands digit of 80479?
8
What is the hundred thousands digit of 117446?
1
What is the ten thousands digit of 13319?
1
What is the hundreds digit of 1990?
9
What is the tens digit of 74902?
0
What is the hundreds digit of 18583?
5
What is the hundreds digit of 54610?
6
What is the units digit of 964?
4
What is the tens digit of 619?
1
What is the hundreds digit of 2461?
4
What is the thousands digit of 4640?
4
What is the units digit of 913?
3
What is the units digit of 3794?
4
What is the thousands digit of 2158?
2
What is the hundreds digit of 719?
7
What is the hundreds digit of 4256?
2
What is the units digit of 94626?
6
What is the thousands digit of 15065?
5
What is the ten thousands digit of 22326?
2
What is the hundreds digit of 12948?
9
What is the tens digit of 170